pose -r = -4*g + 3*v, -g + v = -3 - 2. Suppose 254 - 38 = g*t. List the prime factors of t.
2, 3
Let v(a) = -262*a**3 + 4*a**2 + 42*a + 133. List the prime factors of v(-5).
13, 2521
Let u(f) be the second derivative of -25*f**4/24 + 13*f**3/3 - 7*f**2/2 + 13*f. Let c(l) be the first derivative of u(l). What are the prime factors of c(-7)?
3, 67
Let f = -863 - -2905. Suppose -17*q - d - 2045 = -20*q, -f = -3*q + 4*d. List the prime factors of q.
2, 11, 31
Suppose n - 4*u - 36852 = 0, -1045*u = n - 1043*u - 36900. What are the prime factors of n?
2, 9221
Suppose -22*y + 171 + 3063 = 0. List the prime factors of 28814/21 - ((-574)/y + 4).
2, 7
Let f(y) = 51*y**3 - 2*y**2 - 41*y**3 - 27*y**3 + 1 + y**2. Let x = 1 - 2. What are the prime factors of f(x)?
17
Suppose 575 = -3*p + 8*p. Let v(i) = -123*i - 8 + 232*i + 3*i**2 - p*i. List the prime factors of v(-2).
2
Suppose -l - 21*l + 9064 = 0. Suppose -30*a + 31*a = l. List the prime factors of a.
2, 103
Suppose 0 = -4*b - 2*f + 16, -3*f + 12 - 38 = -4*b. Suppose 0 = -5*q - 4*y - 1, 2*y = -b*q + 4*q - 5. Let l(v) = 5*v**2 - v - 4. List the prime factors of l(q).
2, 19
Let i be (9/12)/(27/72). Suppose 0 = -u - 2*u + 5*y + 13, 17 = i*u + 5*y. Suppose u*p = 12*p - 384. List the prime factors of p.
2
Let u(n) = 3*n**2 - 4*n - 114 - 6*n**3 + 2*n**3 + 119. List the prime factors of u(-4).
5, 13
Let u(d) = 148*d**2 + 4*d + 3. Let z be u(-1). Let f = z - 112. List the prime factors of f.
5, 7
Let l = 1335 - 1878. Let r = l - -799. What are the prime factors of r?
2
Let z(l) = 34*l - 41. Let c be z(2). Suppose c*b - 3618 = 21*b. What are the prime factors of b?
3, 67
Suppose -6*q - 12 = 6. Let z = -1 - q. Suppose z*m - 142 = p + 2*p, 5*m - 5*p - 360 = 0. List the prime factors of m.
2, 37
What are the prime factors of 70/(-175) - 13/(325/(-662160))?
2, 17, 19, 41
Suppose -y - 2*x = -12, -5*x + 55 = 4*y + y. Let t = -10 + y. Suppose -2*o + 106 = -t*o. List the prime factors of o.
53
Let w(t) = -t**3 + 2*t - 160. Let s(b) = -b**2 - 10*b + 24. Let m be s(-12). Let v be w(m). List the prime factors of (v/6)/(7/(-21)).
2, 5
Let v(h) = -h - 36. Let b be v(13). List the prime factors of (-6)/(-14) + (-28399)/b.
2, 5, 29
Suppose -31*m = -178*m + 2634534. List the prime factors of m.
2, 3, 29, 103
Let a be -82*((-1)/2 - (-9 - -6)). Let b = 335 + a. Suppose -17*f + b = -16*f. What are the prime factors of f?
2, 5, 13
Let t(r) = 3 + 16*r + 72*r - 10 - 9. Let u be t(6). Suppose u = 6*d - 2*d. What are the prime factors of d?
2
Let f(l) = 8*l + 11. Let d be f(-9). Let k = -60 - d. What are the prime factors of 0 + 88 + -1 + k + 0?
2, 11
Suppose -3*z = 2*x - 5, -3*x - 5*z + 20 = 2*x. Let a = 162 + -215. What are the prime factors of (x + 1)*a/(-2)?
2, 53
Suppose -17909 = -3*g - 5*c, -23*g + c + 5967 = -22*g. What are the prime factors of g?
2, 373
Let d = -3916 - -7451. List the prime factors of d.
5, 7, 101
Suppose 5*k + 136 = -124. Let c be (-8)/(-36) + k/(-9). What are the prime factors of (-2 - -111) + (6 - c)?
109
List the prime factors of (-11)/(-660)*10 - (-383595)/18.
101, 211
Let g(c) = 119*c + 924. List the prime factors of g(25).
7, 557
Suppose -5*x - 20 = -65. Suppose 0 = 5*g - 2*j + x - 29, 4*g + 7 = -3*j. Suppose 6*u - 273 = g*u - 3*p, 268 = 4*u + 4*p. What are the prime factors of u?
2, 3
Let p be (-4)/(-6) + 454/(-6). Let t = -139 - p. What are the prime factors of (t/3)/((-5)/15)?
2
Suppose 1685*a - 1718*a + 841434 = 0. List the prime factors of a.
2, 11, 19, 61
Let w(j) = 55 - 3*j - 53 + 2*j - 80*j**2. Let x(s) = -639*s**2 - 9*s + 17. Let d(v) = -51*w(v) + 6*x(v). What are the prime factors of d(-1)?
3, 83
Let k be ((-77)/22)/(1/(-142)). Let q = 722 - k. List the prime factors of ((-5)/((-30)/4))/(6/q).
5
Let m = -45 + 65. Suppose 2*h - 1 = 5*w + 50, 0 = 2*w - h + m. Let d = 24 - w. What are the prime factors of d?
5, 7
Suppose -125 = 2*u - 831. Let g = -2 + 2. Suppose -4*v + 2*q + 274 = g, -u = -5*v + q - 18. List the prime factors of v.
2, 3, 11
Let d = -32 - -24. Let y = 17 + d. Let x = y - -2. What are the prime factors of x?
11
Suppose 0 = -3*g + 2*d - 19, -5*g + d = 4*d + 38. Let m = 7 + g. Suppose 0 = -3*i - m*l - 4*l - 7, -2*i + 5*l + 26 = 0. What are the prime factors of i?
3
Suppose 0 = -4*h + 2*d + 57716, -2*d = -17*h + 14*h + 43286. What are the prime factors of h?
2, 3, 5, 13, 37
Suppose v - 5*v - 1612 = 3*h, 5*v + 3*h = -2015. Let x = -145 - v. List the prime factors of (-5)/(-15) - (x/(-9) + 0).
29
Let f = -3434 + 6639. What are the prime factors of f?
5, 641
Let v(z) = 5*z + 10. Let p be v(4). Let t be p*((-13)/(-5) + -2). Let u = t + 10. What are the prime factors of u?
2, 7
Suppose -k - 3*k + 3*c + 19 = 0, -5*k + 23 = -4*c. Let g(m) = 184*m - 84. What are the prime factors of g(k)?
2, 7, 43
Let n = -28484 - -49583. What are the prime factors of n?
3, 13, 541
Let l be (-337)/(-2) + (2 - 15/6). What are the prime factors of (1 + 0/2)*l?
2, 3, 7
Suppose -16*u + 149706 = -2*u + 4*u. List the prime factors of u.
8317
Suppose 5*j - 81*s - 18526 = -84*s, 2*j = -2*s + 7408. What are the prime factors of j?
11, 337
Let h(m) = -245*m**2 + m. Let b be h(1). Let f = -156 - b. Let n = -46 + f. List the prime factors of n.
2, 3, 7
Let t(l) = 35*l - 14. Let p(a) = -36*a + 16. Let m(g) = 2*p(g) + 3*t(g). Suppose -4*f + 15 = -3*n, 5*n - 2 - 8 = -5*f. What are the prime factors of m(f)?
89
Suppose -18*r - 30 = -24*r. Suppose 0 = -r*m + 9*m - 5*w - 1634, 2*m - w - 814 = 0. List the prime factors of m.
2, 7, 29
Let h = -15324 + 51495. What are the prime factors of h?
3, 4019
Let c be -417*(-55)/66 + 2/4. Let w = 485 - c. List the prime factors of w.
137
Let k(j) = -j**3 + 6*j**2 + 19*j - 36. Let d be k(6). Suppose -3*w - d = 10*w. Let z(m) = m**2 - m - 28. List the prime factors of z(w).
2, 7
Let h = -700 + 2169. What are the prime factors of h?
13, 113
Let v be (-4)/5 - 24/(-30). Suppose -5*z + 16 + 49 = v. Suppose 5*p - 4*h + h - z = 0, -p - 5*h - 3 = 0. What are the prime factors of p?
2
Let x be (-22)/154 - 1/(-7). Let b(g) = 2*g**2 - 2*g + 17. Let n(a) = -2*a**2 + 2*a - 16. Let h(v) = 6*b(v) + 5*n(v). What are the prime factors of h(x)?
2, 11
What are the prime factors of 77046/1 - (15/12 + 21/(-4))?
2, 5, 23, 67
Let r be (-4*1/3)/((-2)/3). Suppose -5*k - r*k + 1652 = 0. List the prime factors of k.
2, 59
Suppose 14*k = 5*k - 261. Let u = k + 311. What are the prime factors of u?
2, 3, 47
Suppose -2*g = 2, -2*z = 5*g - 20 - 129. Let y = -75 + z. Suppose -5 = -7*m + y*m, -4*u - 4*m = -124. What are the prime factors of u?
2, 3, 5
Let u(d) = -2*d**3 + 5*d**2 + 7*d + 1. Let c be u(8). Let n = -248 - c. List the prime factors of n.
3, 7, 19
Suppose 0 = -24*n + 702601 + 118343. What are the prime factors of n?
2, 3, 5701
Suppose -2800 = -3*h + 3*t + 1292, 0 = 3*h + 5*t - 4076. What are the prime factors of h?
2, 3, 227
Suppose -4*l = -14*l + 6180. Suppose 0 = -i + 5*m + 582, -13*i + 4*m = -14*i + l. What are the prime factors of i?
2, 7, 43
Let y(z) = 375*z - 40. Let k be y(-3). Let s = k + 1759. What are the prime factors of s?
2, 3, 11
Let m(y) = 85*y**3 + y**2 + 35*y - 6. List the prime factors of m(6).
2, 3, 5, 31
Let y(p) = -6*p - 191. Let b be y(-33). Suppose -b*r - 1088 = -12295. What are the prime factors of r?
1601
Let v be ((-615)/(-82))/((-2)/4). Let y(c) = c**3 + c**2 - c + 20. Let n be y(0). Let a = n + v. What are the prime factors of a?
5
Let z(k) = 22*k**2 - 20*k - 249. What are the prime factors of z(26)?
3, 1567
Suppose 0 = -3*t + 12. Suppose 16 = 4*f, -t*f - 11 = -y - 6*f. Suppose y*r = 192 + 93. List the prime factors of r.
5, 19
Let n be 2/(-6) + 0 - (-26)/6. Let m be (3 - n)*(-3 + -13). Suppose -m*t = -14*t - 226. List the prime factors of t.
113
Suppose 2*i = 4, 5*i + 4902 = 5*n + 412. Suppose n = -5*s + 11*s. List the prime factors of s.
2, 3, 5
Let m = 13928 + -7967. List the prime factors of m.
3, 1987
Let n be 4/9*-2*(-27)/12. Suppose -32 = -5*a - 3*w, 0 = n*w - 1 + 3. Suppose o + a = 12. List the prime factors of o.
5
Let g(t) = -133*t - 40. List the prime factors of g(-77).
101
Suppose 3*o - o = 10. Suppose o*n - 5*u = 355, -3*n - 3*u - 19 + 256 = 0. List the prime factors of (0 + 0 - 0/(-9)) + n.
3, 5
Suppose -r - 2*r + 4*u + 2 = 0, 3*u - 9 = 4*r. Let h(t) = -15*t - 23 - 